 - 8*k - 6. What is the units digit of w(t)?
8
Let j(s) be the third derivative of -35*s**4/8 - s**3/6 + s**2. Let z be j(-1). Suppose -5*w = q - z, 0 = 3*w - 0*q - q - 64. What is the units digit of w?
1
Let p(w) = w + 2. Let x(k) = 1. Let t(g) = 2*p(g) - 14*x(g). Let i be t(7). Suppose -5*l - 34 = -q - 11, -i*l + 20 = 4*q. What is the units digit of q?
8
Let t(p) = -4*p**3 + p**2 - p - 1. Let a be t(-1). Let f(c) = -1 + 3*c - 1 - 4. What is the units digit of f(a)?
9
Let v = 288 - -25. What is the units digit of v?
3
Let p = -12 - -24. Let f be 13/2 - (-1)/2. Let m = p - f. What is the units digit of m?
5
Let c(u) = -u - 9. Let f be c(-4). What is the units digit of 41 + (0 - (1 + f))?
5
Let y(q) = -q**2 + 7*q + 19. Let o be y(8). Suppose -35 = -4*f - o. What is the units digit of f?
6
Let t be (0 - 0) + (-4 - -8). Suppose 41 + t = -3*s. What is the tens digit of (-29)/(-3) - 5/s?
1
Let v be 40/6 + (-4)/6. Suppose 0 = 4*h + 4 - 0. Let g = h + v. What is the units digit of g?
5
Let b = 13 - 4. Let s = b + 13. Let t = s - 7. What is the units digit of t?
5
What is the units digit of (42/10)/((-7)/(-35))?
1
Let a(r) = -9*r**3 + 2*r**2 - 1. Let u be a(-1). Suppose -w = w + 4*h + u, -4 = 2*w + h. What is the units digit of 1/(-1 + 1 - w)?
1
Let f be -1*(-1)/(-3)*0. Suppose 2*p - 5*p = 12, f = -r + 3*p + 15. Suppose j - c - 13 = 0, -8*c + r*c - 20 = 0. What is the units digit of j?
9
Let w be (-2)/3 - (-33)/9. Let p = w - -3. Suppose -2*q = -p*q + 4. What is the units digit of q?
1
Suppose 2*s + 5*h = -0*h + 72, 120 = 4*s - 2*h. What is the units digit of s?
1
What is the tens digit of (87 + 0)/((-10)/(120/(-18)))?
5
Let c(t) = -3*t**2 + 1 + 4*t**3 - 2*t - 3*t + 4*t + 2*t. What is the tens digit of c(2)?
2
Suppose 5*p + 6 = -24. Let b(j) be the third derivative of j**5/60 + 7*j**4/24 + 7*j**3/6 + j**2. What is the units digit of b(p)?
1
Let h(l) = l**3 - 16*l**2 + 6*l - 20. What is the units digit of h(16)?
6
Suppose -3*p - 2*p + f + 270 = 0, f = -2*p + 115. Let w = -27 + p. What is the units digit of w?
8
Suppose 3*z - 4*z = o - 50, -5*o = -z - 280. What is the units digit of o?
5
Suppose m - 5 + 6 = 0. Suppose -2*j + 4*j - x - 13 = 0, -2*j + 9 = 3*x. Let q = j - m. What is the units digit of q?
7
Let z be 12/66 - (-64)/11. Suppose -7 = -k - 2*d + z, -2*d - 2 = 0. What is the tens digit of k?
1
Let d be (1 + -1)/((-2)/1). Let w(j) = -2*j - 2*j - 3 + 2*j + d*j. What is the units digit of w(-7)?
1
Suppose -3*b - 5 + 32 = 0. What is the units digit of b?
9
Suppose 3*f = -4*q + 196, 4*q + f = -f + 192. Let n = q - 31. What is the tens digit of n?
1
Suppose -v + 152 = 3*v. What is the tens digit of v?
3
Let o = 151 - 67. What is the tens digit of o?
8
Let o(d) = -d**2 - 12*d - 8. Let a be o(-11). Suppose 0 = a*t - 2*x - 76, -3*x = 4 + 11. What is the tens digit of t?
2
Let l(a) = a**2 + 6*a - 7. Let w be l(5). What is the units digit of (w/(-28))/((-1)/7)?
2
Let y(n) = n**3 + 13*n**2 + 15*n - 6. What is the units digit of y(-11)?
1
Let n be (-12)/(-1 + (-10)/(-4)). Let h be (-76)/n + 2/4. Suppose -2*y + 2 + h = 0. What is the units digit of y?
6
Let x = -44 + 82. What is the tens digit of x?
3
Suppose 3*c - 5*n - 5 - 41 = 0, 4*c + n - 69 = 0. What is the tens digit of c?
1
Let w(z) = z**2 + z. Suppose -5*d + 0*a = 5*a - 10, 3*d - 5 = -2*a. What is the units digit of w(d)?
2
Let m(r) = -2*r**3 - 8*r**2 + r - 17. What is the hundreds digit of m(-6)?
1
Let m be (-1886)/(-18) - (-12)/54. Suppose -m = -k - 4*k. What is the tens digit of k?
2
Let s(w) = w**3 - w**2 + 3*w + 2. Suppose 2*t - t - 3 = 0. What is the tens digit of s(t)?
2
Let l(y) = y**2 - 6*y + 3. Suppose 8*v - 32 = 4*v. What is the tens digit of l(v)?
1
What is the hundreds digit of (0 + 2 - 85/2)*-4?
1
What is the units digit of (-2)/(-6) + (-448)/(-6)?
5
Suppose 5*z + 4*x - 35 = 75, 4*z = 2*x + 88. What is the tens digit of z?
2
Suppose 26 - 4 = 2*d. Let c(o) = -14*o + 1. Let j be c(d). What is the units digit of j/(-21) + 4/(-14)?
7
Let o = 226 - 156. Suppose -m - p + 16 = 0, 3*p - o = 3*m - 8*m. Let u = -3 + m. What is the units digit of u?
8
Let r be -2 - (-3 + 2 + 2). Let m(j) = 5*j**2 + 3*j - 2. What is the tens digit of m(r)?
3
Suppose -4*a + 4*p + 204 = 0, -p - 4*p + 231 = 4*a. Suppose -v + 12 = -s + a, -2*v = -3*s + 124. What is the units digit of s?
0
Suppose 2*f + 101 = 3*f. What is the tens digit of f?
0
Suppose 0*u + 3*f = u - 51, -4*u + 5*f + 169 = 0. What is the units digit of u?
6
Suppose 4*o = 2*z - 96, 2*z = -0*z - 5*o + 132. What is the tens digit of z?
5
Let f(m) = -1. Let b(h) = 32*h - 5. Let a(j) = -b(j) + 3*f(j). What is the units digit of a(-1)?
4
Let v(t) = 4*t**2 - 2*t + 1. Suppose 2*m - 2 = 0, -2*r - m - 3 = -0. What is the units digit of v(r)?
1
Suppose q + 0 = -5, -4*q + 1425 = 5*w. What is the tens digit of w?
8
Let q(v) = v**3 - 14*v**2 + 13*v + 1. Suppose -l + 8 = -5. What is the units digit of q(l)?
1
Let g(z) = -z**3 + 9*z**2 - 6*z + 1. Let s(c) = -c**2 + 5*c + 2. Let r be s(3). What is the units digit of g(r)?
7
Let l(a) = 4*a**2 + 2*a - 6. Let g be l(-5). Suppose g - 16 = 4*x. What is the units digit of x?
7
What is the units digit of (-1)/2*(-75 - 7)?
1
Suppose 5*g - 33 + 163 = 0. Let x = -7 - g. What is the tens digit of x?
1
Suppose 4*y + d + 0*d = 209, 270 = 5*y + 3*d. What is the units digit of y?
1
Let v = -28 + -7. Let k = 52 + v. What is the units digit of k?
7
Let r(d) = 6*d + 2*d**2 - 9 + 0*d**2 + 4*d**2 - 5*d**2. What is the units digit of r(-8)?
7
Let w = 4 - 2. Let k(p) = p. What is the units digit of k(w)?
2
Suppose 278 = 4*w + 54. What is the tens digit of w?
5
Suppose 0 = -0*p + 3*p. Suppose 0 = 3*o - p*o - 36. What is the tens digit of o?
1
Let p = 77 - 227. What is the units digit of p/(-18) - (-4)/6?
9
Let g = 64 + 28. Suppose 3*b = b + g. What is the tens digit of b?
4
Let r(k) be the third derivative of 1/6*k**3 - 1/3*k**4 + 1/120*k**6 - 2*k**2 + 1/12*k**5 + 0 + 0*k. What is the tens digit of r(-6)?
1
Suppose n = -4*n. Suppose 0 = c - 5*w - 32, n*w - 24 = -2*c + 2*w. Let k = c - 4. What is the units digit of k?
3
Let c(h) = 38*h - 8*h + 7 - 5. What is the units digit of c(1)?
2
Let l(p) = -p + 12. Let m be l(7). Let r = -1 + m. Suppose 4 = -5*n - 5*o - 11, -r*n = 2*o + 2. What is the units digit of n?
2
Let b(s) = -s**3 + 5*s**2 - 3. Let z be b(4). Suppose -5*m + z + 42 = 0. What is the tens digit of m - -2*(-9)/(-6)?
1
Suppose 8*y - 6*y - 2 = 0. What is the tens digit of 28 - (-1 - 1/y)?
3
What is the tens digit of (37 - (-4 + 5)) + 3?
3
What is the tens digit of 5 - 1 - (-111 - -3)?
1
Suppose -4*n = -5*n + 2. Let u be 8/1 - (n - 0). Suppose 0 = -2*i - 5*x + 21, 0 = 3*i + 2*x - 32 + u. What is the units digit of i?
8
Let f(y) = -78*y + 1 - 1 + 89*y. What is the tens digit of f(2)?
2
Suppose 5*w = 14*w - 1611. What is the tens digit of w?
7
Let o(n) be the third derivative of n**5/60 + 9*n**3/2 + 2*n**2. What is the tens digit of o(0)?
2
Suppose 0*m = -2*m + 4. Suppose 0 = m*g + 8 + 16. Let v(h) = -h**3 - 13*h**2 - 12*h + 7. What is the units digit of v(g)?
7
Let r(a) = a**2 - 5*a + 3. Let b be r(7). Let p be (-1 + 0)*0 + -12. Let m = b + p. What is the units digit of m?
5
Let n be (-82)/(-6) - (-6)/(-9). Suppose 3*f + 6*h - 2*h = n, -5*h = -3*f + 4. What is the units digit of f?
3
Let b = 255 - 164. What is the tens digit of b?
9
Let q(v) = v + 11. Let u be q(-6). Let y = 21 + u. Suppose 0 = 2*n - y. What is the units digit of n?
3
Suppose 1115 - 327 = 4*q. What is the hundreds digit of q?
1
Suppose 4*z + 6 = 2*a - 22, -3*z - 3 = 3*a. What is the units digit of a?
4
Let t(s) = 3*s**3 - 2*s**2 + 5*s + 6. What is the tens digit of t(3)?
8
What is the units digit of 14/77 - 350/(-11)?
2
Let y = 14 - -47. Suppose -y = 5*b - 231. What is the units digit of b?
4
Let w = -5 - -1. Let t be w/(-18) - (-6)/(-27). Suppose 3*m = 30 - t. What is the units digit of m?
0
Let d = 3 + -7. Let g(t) be the third derivative of t**5/60 + t**4/12 - t**3/2 + 8*t**2. What is the units digit of g(d)?
5
Let j(h) = h**2 - 3*h + 1. Let c be j(2). What is the units digit of c/((-2 - -1)*1)?
1
Let c = 12 + 9. Let q = c + -12. Let x(w) = 2*w - 12. What is the units digit of x(q)?
6
Suppose -m = -l, 3*m - 4*l - l = 6. What is the units digit of (7/m)/(4/(-12))?
